{"id":4001,"date":"2020-05-15T14:57:28","date_gmt":"2020-05-15T12:57:28","guid":{"rendered":"http:\/\/www.martinprinoth.com\/?page_id=4001"},"modified":"2022-01-25T18:36:47","modified_gmt":"2022-01-25T17:36:47","slug":"imprint","status":"publish","type":"page","link":"https:\/\/www.martinprinoth.com\/?page_id=4001","title":{"rendered":"Imprint"},"content":{"rendered":"\n<p><strong>Kontakt<\/strong><br>mail: <a href=\"mailto: martin.prinoth@gmx.net\">martin.prinoth@gmx.net<\/a><\/p>\n\n\n\n<p><strong>Datenschutz<\/strong><br>Ich informiere Sie nachfolgend gem\u00e4\u00df den \ngesetzlichen Vorgaben des Datenschutzrechts (insb. gem\u00e4\u00df BDSG n.F. und \nder europ\u00e4ischen Datenschutz-Grundverordnung \u201aDS-GVO\u2018) \u00fcber die Art, den\n Umfang und Zweck der Verarbeitung personenbezogener Daten. Diese \nDatenschutzerkl\u00e4rung gilt f\u00fcr meine Website. Bez\u00fcglich der Definition \nvon Begriffen wie etwa \u201epersonenbezogene Daten\u201c oder \u201eVerarbeitung\u201c \nverweise ich auf Art. 4 DS-GVO.<\/p>\n\n\n\n<p><strong>Datenarten, Zwecke der Verarbeitung und Kategorien betroffener Personen<\/strong><br>Nachfolgend informiere ich Sie \u00fcber Art, Umfang und Zweck der Erhebung, Verarbeitung und Nutzung personenbezogener Daten.<\/p>\n\n\n\n<p><strong>1. Arten der Daten, die ich verarbeite<\/strong><br><strong>2. Zwecke der Verarbeitung nach Art. 13 Abs. 1 c) DS-GVO<br>3. Kategorien der betroffenen Personen nach Art. 13 Abs. 1 e) DS-GVO<br>Die betroffenen Personen werden zusammenfassend als \u201eNutzer\u201c bezeichnet.<\/strong><\/p>\n\n\n\n<p><strong>Rechtsgrundlagen der Verarbeitung personenbezogener Daten<\/strong><br>Nachfolgend Informiere ich Sie \u00fcber die Rechtsgrundlagen der Verarbeitung personenbezogener Daten<\/p>\n\n\n\n<p>1. Wenn ich Ihre Einwilligung f\u00fcr die Verarbeitung personenbezogener \nDaten eingeholt habe, ist Art. 6 Abs. 1 S. 1 lit. a) DS-GVO \nRechtsgrundlage.<br>2. Ist die Verarbeitung zur Erf\u00fcllung eines Vertrags\n oder zur Durchf\u00fchrung vorvertraglicher Ma\u00dfnahmen erforderlich, die auf \nIhre Anfrage hin erfolgen, so ist Art. 6 Abs. 1 S. 1 lit. b) DS-GVO \nRechtsgrundlage.<br>3. Ist die Verarbeitung zur Erf\u00fcllung einer \nrechtlichen Verpflichtung erforderlich, der ich unterliege (z.B. \ngesetzliche Aufbewahrungspflichten), so ist Art. 6 Abs. 1 S. 1 lit. c) \nDS-GVO Rechtsgrundlage.<br>4. Ist die Verarbeitung erforderlich, um \nlebenswichtige Interessen der betroffenen Person oder einer anderen \nnat\u00fcrlichen Person zu sch\u00fctzen, so ist Art. 6 Abs. 1 S. 1 lit. d) DS-GVO\n Rechtsgrundlage.<br>5. Ist die Verarbeitung zur Wahrung unserer oder \nder berechtigten Interessen eines Dritten erforderlich und \u00fcberwiegen \ndiesbez\u00fcglich Ihre Interessen oder Grundrechte und Grundfreiheiten \nnicht, so ist Art. 6 Abs. 1 S. 1 lit. f) DS-GVO Rechtsgrundlage.<\/p>\n\n\n\n<p><strong>Weitergabe personenbezogener Daten an Dritte und Auftragsverarbeiter<\/strong><br>Ohne\n Ihre Einwilligung gebe ich grunds\u00e4tzlich keine Daten an Dritte weiter. \nSollte dies doch der Fall sein, dann erfolgt die Weitergabe auf der \nGrundlage der zuvor genannten Rechtsgrundlagen z.B. bei der Weitergabe \nvon Daten an Online-Paymentanbieter zur Vertragserf\u00fcllung oder aufgrund \ngerichtlicher Anordnung oder wegen einer gesetzlichen Verpflichtung zur \nHerausgabe der Daten zum Zwecke der Strafverfolgung, zur Gefahrenabwehr \noder zur Durchsetzung der Rechte am geistigen Eigentum.<br>Ich setze \nzudem Auftragsverarbeiter (externe Dienstleister z.B. zum Webhosting \nunserer Websites und Datenbanken) zur Verarbeitung Ihrer Daten ein. Wenn\n im Rahmen einer Vereinbarung zur Auftragsverarbeitung an die \nAuftragsverarbeiter Daten weitergegeben werden, erfolgt dies immer nach \nArt. 28 DS-GVO. Ich w\u00e4hle dabei unsere Auftragsverarbeiter sorgf\u00e4ltig \naus, kontrolliere diese regelm\u00e4\u00dfig und habe mir ein Weisungsrecht \nhinsichtlich der Daten einr\u00e4umen lassen. Zudem m\u00fcssen die \nAuftragsverarbeiter geeignete technische und organisatorische Ma\u00dfnahmen \ngetroffen haben und die Datenschutzvorschriften gem. BDSG n.F. und \nDS-GVO einhalten<\/p>\n\n\n\n<p><strong>Daten\u00fcbermittlung in Drittstaaten<\/strong><br>Durch die Verabschiedung \nder europ\u00e4ischen Datenschutz-Grundverordnung (DS-GVO) wurde eine \neinheitliche Grundlage f\u00fcr den Datenschutz in Europa geschaffen. Ihre \nDaten werden daher vorwiegend durch Unternehmen verarbeitet, f\u00fcr die \nDS-GVO Anwendung findet. Sollte doch die Verarbeitung durch Dienste \nDritter au\u00dferhalb der Europ\u00e4ischen Union oder des Europ\u00e4ischen \nWirtschaftsraums stattfinden, so m\u00fcssen diese die besonderen \nVoraussetzungen der Art. 44 ff. DS-GVO erf\u00fcllen. Das bedeutet, die \nVerarbeitung erfolgt aufgrund besonderer Garantien, wie etwa die von der\n EU-Kommission offiziell anerkannte Feststellung eines der EU \nentsprechenden Datenschutzniveaus oder der Beachtung offiziell \nanerkannter spezieller vertraglicher Verpflichtungen, der so genannten \n\u201eStandardvertragsklauseln\u201c. Bei US-Unternehmen erf\u00fcllt die Unterwerfung \nunter das sog. \u201ePrivacy-Shield\u201c, dem Datenschutzabkommen zwischen der EU\n und den USA, diese Voraussetzungen<\/p>\n\n\n\n<p><strong>Durch die Verabschiedung der europ\u00e4ischen Datenschutz-Grundverordnung<\/strong>\n (DS-GVO) wurde eine einheitliche Grundlage f\u00fcr den Datenschutz in \nEuropa geschaffen. Ihre Daten werden daher vorwiegend durch Unternehmen \nverarbeitet, f\u00fcr die DS-GVO Anwendung findet. Sollte doch die \nVerarbeitung durch Dienste Dritter au\u00dferhalb der Europ\u00e4ischen Union oder\n des Europ\u00e4ischen Wirtschaftsraums stattfinden, so m\u00fcssen diese die \nbesonderen Voraussetzungen der Art. 44 ff. DS-GVO erf\u00fcllen. Das \nbedeutet, die Verarbeitung erfolgt aufgrund besonderer Garantien, wie \netwa die von der EU-Kommission offiziell anerkannte Feststellung eines \nder EU entsprechenden Datenschutzniveaus oder der Beachtung offiziell \nanerkannter spezieller vertraglicher Verpflichtungen, der so genannten \n\u201eStandardvertragsklauseln\u201c. Bei US-Unternehmen erf\u00fcllt die Unterwerfung \nunter das sog. \u201ePrivacy-Shield\u201c, dem Datenschutzabkommen zwischen der EU\n und den USA, diese Voraussetzungen<\/p>\n\n\n\n<p><strong>L\u00f6schung von Daten und Speicherdauer<\/strong><br>Sofern nicht in dieser\n Datenschutzerkl\u00e4rung ausdr\u00fccklich angegeben, werden Ihre \npersonenbezogen Daten gel\u00f6scht oder gesperrt, sobald der Zweck f\u00fcr die \nSpeicherung entf\u00e4llt, es sei denn deren weitere Aufbewahrung ist zu \nBeweiszwecken erforderlich oder dem stehen gesetzliche \nAufbewahrungspflichten entgegenstehen. Darunter fallen etwa \nhandelsrechtliche Aufbewahrungspflichten von Gesch\u00e4ftsbriefen nach \u00a7 257\n Abs. 1 HGB (6 Jahre) sowie steuerrechtliche Aufbewahrungspflichten nach\n \u00a7 147 Abs. 1 AO von Belegen (10 Jahre). Wenn die vorgeschriebene \nAufbewahrungsfrist abl\u00e4uft, erfolgt eine Sperrung oder L\u00f6schung Ihrer \nDaten, es sei denn die Speicherung ist weiterhin f\u00fcr einen \nVertragsabschluss oder zur Vertragserf\u00fcllung erforderlich<\/p>\n\n\n\n<p><strong>Bestehen einer automatisierten Entscheidungsfindung<\/strong><br>Ich setze keine automatische Entscheidungsfindung oder ein Profiling ein.<\/p>\n\n\n\n<p><strong>Bereitstellung meiner Website und Erstellung von Logfiles<\/strong><br>\n1. Wenn Sie meine Webseite lediglich informatorisch nutzen (also keine \nRegistrierung und auch keine anderweitige \u00dcbermittlung von \nInformationen), erhebe ich nur die personenbezogenen Daten, die Ihr \nBrowser an meinen Server \u00fcbermittelt. Wenn Sie meine Website betrachten \nm\u00f6chten, erhebe ich die folgenden Daten:<br>\/ IP-Adresse;<br>\/ Internet-Service-Provider des Nutzers;<br>\/ Datum und Uhrzeit des Abrufs;<br>\/ Browsertyp;<br>\/ Sprache und Browser-Version;<br>\/ Inhalt des Abrufs;<br>\/ Zeitzone;<br>\/ Zugriffsstatus\/HTTP-Statuscode;<br>\/ Datenmenge;<br>\/ Websites, von denen die Anforderung kommt;<br>\/ Betriebssystem.<br>Eine Speicherung dieser Daten zusammen mit anderen personenbezogenen Daten von Ihnen findet nicht statt.<br>\n 2. Diese Daten dienen dem Zweck der nutzerfreundlichen, \nfunktionsf\u00e4higen und sicheren Auslieferung meiner Website an Sie mit \nFunktionen und Inhalten sowie deren Optimierung und statistischen \nAuswertung.<br>3. Rechtsgrundlage hierf\u00fcr ist mein in den obigen Zwecken\n auch liegendes berechtigtes Interesse an der Datenverarbeitung nach \nArt. 6 Abs. 1 S.1 lit. f) DS-GVO.<br>4. Ich speichere aus \nSicherheitsgr\u00fcnden diese Daten in Server-Logfiles f\u00fcr die Speicherdauer \nvon Tagen. Nach Ablauf dieser Frist werden diese automatisch gel\u00f6scht, \nes sei denn ich ben\u00f6tige deren Aufbewahrung zu Beweiszwecken bei \nAngriffen auf die Serverinfrastruktur oder anderen Rechtsverletzungen.<\/p>\n\n\n\n<p><strong>Cookies<\/strong> <br><strong>1. Ich verwende sog. Cookies bei Ihrem Besuch meiner Website.<\/strong>\n Cookies sind kleine Textdateien, die Ihr Internet-Browser auf Ihrem \nRechner ablegt und speichert. Wenn Sie unsere Website erneut aufrufen, \ngeben diese Cookies Informationen ab, um Sie automatisch \nwiederzuerkennen. Die so erlangten Informationen dienen dem Zweck, mein \nWebangebot technisch und wirtschaftlich zu optimieren und Ihnen einen \nleichteren und sicheren Zugang auf meine Website zu erm\u00f6glichen. Ich \ninformiere Sie dazu beim Aufruf meiner Website mittels eines Hinweises \nauf meine Datenschutzerkl\u00e4rung \u00fcber die Verwendung von Cookies zu den \nzuvor genannten Zwecken und wie Sie dieser widersprechen bzw. deren \nSpeicherung verhindern k\u00f6nnen (\u201eOpt-out\u201c). Meine Website nutzt \nSession-Cookies, persistente Cookies und Cookies von Drittanbietern:<br> <strong>\/ Session-Cookies:<\/strong>\n Ich verwende sog. Cookies zum Wiedererkennen mehrfacher Nutzung eines \nAngebots durch denselben Nutzer (z.B. wenn Sie sich eingeloggt haben zur\n Feststellung Ihres Login-Status). Wenn Sie meine Seite erneut aufrufen,\n geben diese Cookies Informationen ab, um Sie automatisch \nwiederzuerkennen. Die so erlangten Informationen dienen dazu, meine \nAngebote zu optimieren und Ihnen einen leichteren Zugang auf unsere \nSeite zu erm\u00f6glichen. Wenn Sie den Browser schlie\u00dfen oder Sie sich \nausloggen, werden die Session-Cookies gel\u00f6scht.<br><strong>\/ Persistente Cookies:<\/strong>\n Diese werden automatisiert nach einer vorgegebenen Dauer gel\u00f6scht, die \nsich je nach Cookie unterscheiden kann. In den Sicherheitseinstellungen \nIhres Browsers k\u00f6nnen Sie die Cookies jederzeit l\u00f6schen.<br><strong> \/ Cookies von Drittanbietern (Third-Party-Cookies):<\/strong>\n Entsprechend Ihren W\u00fcnschen k\u00f6nnen Sie Ihre Browser-Einstellung \nkonfigurieren und z. B. Die Annahme von Third-Party-Cookies oder allen \nCookies ablehnen. Ich weise Sie jedoch an dieser Stelle darauf hin, dass\n Sie dann eventuell nicht alle Funktionen dieser Website nutzen k\u00f6nnen. \nLesen Sie N\u00e4heres zu diesen Cookies bei den jeweiligen \nDatenschutzerkl\u00e4rungen zu den Drittanbietern.<br><strong>2. Rechtsgrundlage dieser Verarbeitung<\/strong>\n ist Art. 6 Abs. 1 S. lit. b) DS-GVO, wenn die Cookies zur \nVertragsanbahnung z.B. bei Bestellungen gesetzt werden und ansonsten \nhabe ich ein berechtigtes Interesse an der effektiven Funktionalit\u00e4t der\n Website, so dass in dem Falle Art. 6 Abs. 1 S. 1 lit. f) DS-GVO \nRechtsgrundlage ist.<br><strong>3. Widerspruch und \u201eOpt-Out\u201c<\/strong>: Das \nSpeichern von Cookies auf Ihrer Festplatte k\u00f6nnen Sie allgemein \nverhindern, indem Sie in Ihren Browser-Einstellungen \u201ekeine Cookies \nakzeptieren\u201c w\u00e4hlen. Dies kann aber eine Funktionseinschr\u00e4nkung meiner \nAngebote zur Folge haben. Sie k\u00f6nnen dem Einsatz von Cookies von \nDrittanbietern zu Werbezwecken \u00fcber ein sog. \u201eOpt-out\u201c \u00fcber diese \namerikanische Website (<a rel=\"noreferrer noopener\" href=\"https:\/\/optout.aboutads.info\" target=\"_blank\">https:\/\/optout.aboutads.info<\/a>) oder diese europ\u00e4ische Website (<a rel=\"noreferrer noopener\" href=\"http:\/\/www.youronlinechoices.com\/de\/praferenzmanagement\/\" target=\"_blank\">http:\/\/www.youronlinechoices.com\/de\/praferenzmanagement\/<\/a>) widersprechen.<\/p>\n\n\n\n<p><strong>Vimeo-Videos<\/strong><br>Ich habe auf meiner Website Vimeo-Videos von \nvimeo.com mittels der embedded-Funktion eingebunden, so dass diese auf \nunserer Website direkt aufrufbar sind. Ich habe die Videos im sog. \n\u201eerweiterten Datenschutz-Modus\u201c eingebunden, ohne dass mit Cookies das \nNutzungsverhalten erfasst wird, um die Videowiedergabe zu \npersonalisieren. Stattdessen basieren die Videoempfehlungen auf dem \naktuell abgespielten Video. Videos, die im erweiterten Datenschutzmodus \nin einem eingebetteten Player wiedergegeben werden, wirken sich nicht \ndarauf aus, welche Videos Ihnen auf Vimeo empfohlen werden. Beim Start \neines Videos (Klick aufs Video) erh\u00e4lt Vimeo die Information, dass Sie \ndie entsprechende Unterseite unserer Website aufgerufen haben. Die \ngewonnenen Daten werden in die USA \u00fcbertragen und dort gespeichert. Dies\n erfolgt auch ohne Nutzerkonto bei Google. Sollten Sie in Ihren \nGoogle-Account eingeloggt sein, kann Google die obigen Daten Ihrem \nAccount zuordnen. Wenn Sie dies nicht w\u00fcnschen, m\u00fcssen Sie sich in Ihrem\n Google-Account ausloggen. Google erstellt aus solchen Daten \nNutzerprofile und nutzt diese Daten zum Zwecke der Werbung, \nMarktforschung oder Optimierung seiner Websites.<br>Rechtsgrundlage \nhierf\u00fcr ist mein in den obigen Zwecken auch liegendes berechtigtes \nInteresse an der Datenverarbeitung nach Art. 6 Abs. 1 S.1 lit. f) \nDS-GVO.<br>Sie haben gegen\u00fcber Google ein Widerspruchsrecht gegen die \nBildung von Nutzerprofilen. Bitte richten Sie sich deswegen direkt an \nGoogle \u00fcber die unten genannte Datenschutzerkl\u00e4rung. Ein \nOpt-Out-Widerspruch hinsichtlich der Werbe-Cookies k\u00f6nnen Sie hier in \nIhrem Google-Account vornehmen:<br><a href=\"https:\/\/adssettings.google.com\/authenticated.\">https:\/\/adssettings.google.com\/authenticated.<\/a><\/p>\n\n\n\n<p><strong>Rechte der betroffenen Person<\/strong> <br> Widerspruch oder Widerruf \ngegen die Verarbeitung Ihrer Daten. Soweit die Verarbeitung auf Ihrer \nEinwilligung gem\u00e4\u00df Art. 6 Abs. 1 S. 1 lit. a), Art. 7 DS-GVO beruht, \nhaben Sie das Recht, die Einwilligung jederzeit zu widerrufen. Die \nRechtm\u00e4\u00dfigkeit der aufgrund der Einwilligung bis zum Widerruf erfolgten \nVerarbeitung wird dadurch nicht ber\u00fchrt. Soweit ich die Verarbeitung \nIhrer personenbezogenen Daten auf die Interessenabw\u00e4gung gem\u00e4\u00df Art. 6 \nAbs. 1 S. 1 lit. f) DS-GVO st\u00fctzen, k\u00f6nnen Sie Widerspruch gegen die \nVerarbeitung einlegen. Dies ist der Fall, wenn die Verarbeitung \ninsbesondere nicht zur Erf\u00fcllung eines Vertrags mit Ihnen erforderlich \nist, was von mir jeweils bei der nachfolgenden Beschreibung der \nFunktionen dargestellt wird. Bei Aus\u00fcbung eines solchen Widerspruchs \nbitte ich um Darlegung der Gr\u00fcnde, weshalb ich Ihre personenbezogenen \nDaten nicht wie von mir durchgef\u00fchrt verarbeiten sollten. Im Falle Ihres\n begr\u00fcndeten Widerspruchs pr\u00fcfe ich die Sachlage und werden entweder die\n Datenverarbeitung einstellen bzw. anpassen oder Ihnen meine zwingenden \nschutzw\u00fcrdigen Gr\u00fcnde aufzeigen, aufgrund derer ich die Verarbeitung \nfortf\u00fchre.Sie k\u00f6nnen der Verarbeitung Ihrer personenbezogenen Daten f\u00fcr \nZwecke der Werbung und Datenanalyse jederzeit widersprechen. Das \nWiderspruchsrecht k\u00f6nnen Sie kostenfrei aus\u00fcben.<br><strong>\/ Recht auf Auskunft<\/strong><br>Sie\n haben das Recht, von mir eine Best\u00e4tigung dar\u00fcber zu verlangen, ob Sie \nbetreffende personenbezogene Daten verarbeitet werden. Sofern dies der \nFall ist, haben Sie ein Recht auf Auskunft \u00fcber Ihre bei mir \ngespeicherten pers\u00f6nlichen Daten nach Art. 15 DS-GVO. Dies beinhaltet \ninsbesondere die Auskunft \u00fcber die Verarbeitungszwecke, die Kategorie \nder personenbezogenen Daten, die Kategorien von Empf\u00e4ngern, gegen\u00fcber \ndenen Ihre Daten offengelegt wurden oder werden, die geplante \nSpeicherdauer, die Herkunft ihrer Daten, sofern diese nicht direkt bei \nIhnen erhoben wurden<br><strong>\/ Recht auf Berichtigung<\/strong><br>Sie haben ein Recht auf Berichtigung unrichtiger oder auf Vervollst\u00e4ndigung richtiger Daten nach Art. 16 DS-GVO.<br><strong>\/ Recht auf L\u00f6schung<\/strong><br>Sie\n haben ein Recht auf L\u00f6schung Ihrer bei mir gespeicherten Daten nach \nArt. 17 DS-GVO, es sei denn gesetzliche oder vertraglichen \nAufbewahrungsfristen oder andere gesetzliche Pflichten bzw. Rechte zur \nweiteren Speicherung stehen dieser entgegen.<br><strong>\/ Recht auf Einschr\u00e4nkung<\/strong><br>Sie\n haben das Recht, eine Einschr\u00e4nkung bei der Verarbeitung Ihrer \npersonenbezogenen Daten zu verlangen, wenn eine der Voraussetzungen in \nArt. 18 Abs. 1 lit. a) bis d) DS-GVO erf\u00fcllt ist: Wenn Sie die \nRichtigkeit der Sie betreffenden personenbezogenen f\u00fcr eine Dauer \nbestreiten, die es dem Verantwortlichen erm\u00f6glicht, die Richtigkeit der \npersonenbezogenen Daten zu \u00fcberpr\u00fcfen;<br>die Verarbeitung unrechtm\u00e4\u00dfig \nist und Sie die L\u00f6schung der personenbezogenen Daten ablehnen und \nstattdessen die Einschr\u00e4nkung der Nutzung der personenbezogenen Daten \nverlangen;<br>der Verantwortliche die personenbezogenen Daten f\u00fcr die \nZwecke der Verarbeitung nicht l\u00e4nger ben\u00f6tigt, Sie diese jedoch zur \nGeltendmachung, Aus\u00fcbung oder Verteidigung von Rechtsanspr\u00fcchen \nben\u00f6tigen, oder<br>wenn Sie Widerspruch gegen die Verarbeitung gem\u00e4\u00df \nArt. 21 Abs. 1 DS-GVO eingelegt haben und noch nicht feststeht, ob die \nberechtigten Gr\u00fcnde des Verantwortlichen gegen\u00fcber Ihren Gr\u00fcnden \n\u00fcberwiegen.<br><strong>\/ Recht auf Daten\u00fcbertragbarkeit<\/strong><br>Sie haben ein \nRecht auf Daten\u00fcbertragbarkeit nach Art. 20 DS-GVO, was bedeutet, dass \nSie die bei mir \u00fcber Sie gespeicherten personenbezogenen Daten in einem \nstrukturierten, g\u00e4ngigen und maschinenlesbaren Format erhalten k\u00f6nnen \noder die \u00dcbermittlung an einen anderen Verantwortlichen verlangen \nk\u00f6nnen.<br><strong>\/ Recht auf Beschwerde<\/strong><br>Sie haben ein Recht auf \nBeschwerde bei einer Aufsichtsbeh\u00f6rde. In der Regel k\u00f6nnen Sie sich \nhierf\u00fcr an die Aufsichtsbeh\u00f6rde insbesondere in dem Mitgliedstaat ihres \nAufenthaltsorts, ihres Arbeitsplatzes oder des Orts des mutma\u00dflichen \nVersto\u00dfes wenden.<\/p>\n\n\n\n<p><strong>Datensicherheit<\/strong><br>Um alle personenbezogen Daten, die an mich \n\u00fcbermittelt werden, zu sch\u00fctzen und um sicherzustellen, dass die \nDatenschutzvorschriften von mir, aber auch unseren externen \nDienstleistern eingehalten werden, habe ich geeignete technische und \norganisatorische Sicherheitsma\u00dfnahmen getroffen. Deshalb werden unter \nanderem alle Daten zwischen Ihrem Browser und meinem Server \u00fcber eine \nsichere SSL-Verbindung verschl\u00fcsselt \u00fcbertragen.<\/p>\n\n\n\n<p>Stand: 15.05.2020<\/p>\n\n\n\n<p>Quelle: <a href=\"https:\/\/www.juraforum.de\/impressum-generator\/\">Muster-Datenschutzerkl\u00e4rung von JuraForum.de<\/a><\/p>\n","protected":false},"excerpt":{"rendered":"<p>Kontaktmail: martin.prinoth@gmx.net DatenschutzIch informiere Sie nachfolgend gem\u00e4\u00df den gesetzlichen Vorgaben des Datenschutzrechts (insb. gem\u00e4\u00df BDSG n.F. und der europ\u00e4ischen Datenschutz-Grundverordnung \u201aDS-GVO\u2018) \u00fcber die Art, den Umfang und Zweck der Verarbeitung personenbezogener Daten. Diese Datenschutzerkl\u00e4rung gilt f\u00fcr meine Website. Bez\u00fcglich der Definition von Begriffen wie etwa \u201epersonenbezogene Daten\u201c oder \u201eVerarbeitung\u201c verweise ich auf Art. 4 DS-GVO. [&hellip;]<\/p>\n","protected":false},"author":1,"featured_media":0,"parent":0,"menu_order":0,"comment_status":"closed","ping_status":"closed","template":"","meta":{"footnotes":""},"class_list":["post-4001","page","type-page","status-publish","hentry"],"_links":{"self":[{"href":"https:\/\/www.martinprinoth.com\/index.php?rest_route=\/wp\/v2\/pages\/4001"}],"collection":[{"href":"https:\/\/www.martinprinoth.com\/index.php?rest_route=\/wp\/v2\/pages"}],"about":[{"href":"https:\/\/www.martinprinoth.com\/index.php?rest_route=\/wp\/v2\/types\/page"}],"author":[{"embeddable":true,"href":"https:\/\/www.martinprinoth.com\/index.php?rest_route=\/wp\/v2\/users\/1"}],"replies":[{"embeddable":true,"href":"https:\/\/www.martinprinoth.com\/index.php?rest_route=%2Fwp%2Fv2%2Fcomments&post=4001"}],"version-history":[{"count":3,"href":"https:\/\/www.martinprinoth.com\/index.php?rest_route=\/wp\/v2\/pages\/4001\/revisions"}],"predecessor-version":[{"id":4955,"href":"https:\/\/www.martinprinoth.com\/index.php?rest_route=\/wp\/v2\/pages\/4001\/revisions\/4955"}],"wp:attachment":[{"href":"https:\/\/www.martinprinoth.com\/index.php?rest_route=%2Fwp%2Fv2%2Fmedia&parent=4001"}],"curies":[{"name":"wp","href":"https:\/\/api.w.org\/{rel}","templated":true}]}}